) + 1 + (1 - -4)
-27
What is the value of 9 + (7 - 2 - -14) + (-5 - 3)?
20
-13 + 2 - -3 - (-29 + 23 - -1)
-3
What is -22 + -16 + -4 + 27?
-15
What is 114 + -129 + (-3 - (-15 - -2))?
-5
Calculate -4 + 0 - (0 + -1) - (486 - 483).
-6
What is -7 + (-5 - 2) + 1 + 6 + -13?
-20
(9 - (2 + -2)) + (-145 - -139)
3
What is the value of -20 + (-32 - (33 - 69))?
-16
What is -10 + 20 + (13 - (5 - -2))?
16
What is -24 - -26 - (-4 - (-1 - (4 + 3)))?
-2
What is -30 + (16 - 12) - -34?
8
Evaluate 157 - 151 - (1 + -1).
6
1 - (-31 - (14 + -29))
17
Evaluate (7 - 10) + -2 + 14 + (-5 - -1).
5
What is -5 - (4 + (-7 - 0)) - -7 - 16?
-11
What is the value of (-1 - (4 + (-17 - -14))) + (-1 - 1)?
-4
Evaluate -12 + 3 - ((-22 - -24) + (-1 - -2)).
-12
Calculate 17 + (-1 - (-4 - -8)) + 3.
15
Evaluate 29 + -43 - -4 - (1 + 7).
-18
What is the value of 1 + 16 + -21 + 10?
6
What is the value of 3 + -3 - (0 - -11 - 12)?
1
What is (-1 - (-13 - -32) - -25) + (-1 - 0)?
4
-4 - ((-12 + 20 - 6) + -3 + 1)
-4
Calculate -21 + -15 - (8 + -71).
27
What is (36 - -13 - 11) + -13 + 1?
26
What is the value of (1 - ((-6 - -8) + -4) - -1) + -6?
-2
What is the value of (-42 + 31 - (-16 + 0)) + -1 + -10?
-6
Evaluate -4 - (24 - 1) - -7.
-20
Evaluate (-7 - (-30 + 8)) + 1 + (3 - 7).
12
What is 7 - (1 + -3 + 25 + (-34 - -33))?
-15
What is the value of -19 + (-9 - (-18 - -20))?
-30
Calculate (-4 - -22) + (139 - 164).
-7
Evaluate 32 - (35 - 13 - 9).
19
What is the value of -16 - (-43 - 5) - 8?
24
What is 3 - (-6 + 2 + -1) - (75 + -86)?
19
(3 - -6) + 1 + -5 + 7
12
Calculate -8 - (0 - (5 - (9 - 4))).
-8
What is 7 - 8 - -29 - 8?
20
Calculate -30 - (-8 + -14) - (9 - -1).
-18
Calculate -2 + (9 - 11) - (9 + -10).
-3
-6 - (-16 + 14 - (8 - -2))
6
9 + (1 - 4) - (1 + 7 + -27)
25
What is the value of -17 - (2 + 0 + -9) - -10?
0
What is -14 + (2 - -6) - -7?
1
Calculate 4 - 3 - (1 + -3 + 1 + -5).
7
Evaluate (-17 + 3 + 17 - 7) + (0 - 4).
-8
Calculate 1 + (0 - 6) - (4547 - 4529).
-23
What is -5 + (10 - (-6 + 5)) + 0 - -1?
7
Calculate (-3 - (-5 - 34)) + -34 + 22.
24
Calculate 37 + -30 + 17 + 5.
29
What is 2 + (-8 - -12 - -4)?
10
What is -11 + 2 - (-6 - -6)?
-9
Evaluate (69 - 69) + -6 + -2.
-8
Calculate -17 - (-9 - -17) - -24.
-1
What is the value of -40 - -43 - (1 + -19)?
21
What is the value of (-2 - -18) + -3 + (-2 - -7) + -8?
10
What is -32 + -1 + (-5 - -49)?
11
7 + -23 + (16 - 11 - 6)
-17
Calculate (-7 - (-32 - -8 - (-9 + 1))) + 4.
13
What is the value of 4 + -3 + 0 - (304 - 290)?
-13
Calculate 41 + 16 + -28 - (14 + -7).
22
What is 9 - (11 + (-4 - -6) + -3)?
-1
What is the value of -17 + 16 + 15 + -9?
5
Calculate 12 + -3 + -13 + (5 - 2).
-1
Calculate (0 - 20) + -53 + 65 - -8.
0
What is the value of -1 - -10 - (1 + -17 + 24)?
1
Evaluate 20 + -13 + 30 + -37.
0
Calculate (-9 - (-17 + 6)) + -8 + 18 + -2.
10
What is the value of 11 + (21 - 16) + -7?
9
0 - -7 - 58 - -29
-22
20 + (1 - (4 - -3)) + -6 + 6
14
What is -4 + (89 - 83) + -1 + -10?
-9
Calculate 1 - (-11 + -24 + 14).
22
What is the value of 0 + (3 - 2) - (3 - 2) - -2?
2
Evaluate 4 + 7 + (7 - 0) - 10.
8
(8 - 17) + 13 - -5
9
What is the value of 18 - 14 - 14 - 4?
-14
Calculate (-5 - 0) + (-61 - (-1 - 50)).
-15
Evaluate -331 - -322 - (5 - (2 - 1)).
-13
What is the value of (3 - (7 + 3)) + -17 + (9 - 5)?
-20
Evaluate -2 - (7 - (-3 + 19)).
7
What is -7 - -12 - (-8 + 9 + 6 + 1)?
-3
Calculate (43 - 54) + (3 - 0) - -9.
1
What is the value of 54 + -28 + -28 + -12?
-14
What is the value of -24 + 28 + -15 - (2 + 0)?
-13
Calculate 2 + (-8 + 13 + 7 - 31).
-17
Calculate 21 + -19 + 1 + 3.
6
Evaluate -127 - -129 - (-2 + 0 + -5).
9
What is 49 + -85 + 33 + 0 + -10?
-13
Calculate 13 + -9 + 12 + 3 - 56.
-37
What is -27 - (-41 + 5) - 1?
8
What is 192 + -195 + (-4 - -2 - -7)?
2
What is 1 + 4 - (-5 - -1) - (-10 - -4)?
15
What is (13 - 0 - -9) + -40?
-18
Calculate -11 + (22 + 5 - 16) + 11.
11
Evaluate 4 + (18 + -2 - (-4 - -12)).
12
33 - (90 + -42) - 25
-40
7 + -12 - -1 - (-7 + 5 + 5)
-7
What is the value of 4 - 2 - 7 - (3 + (-8 - -10))?
-10
Calculate (13 - (-8 + 11 + 3)) + -1 + -18.
-12
Evaluate 49 + -22 + 13 + -27.
13
What is 386 + -357 + (-6 - 0)?
23
(5 - 1) + 34 + -32
6
What is -9 - (0 + -6 - (-5 + (1 - -22)))?
15
What is -13 - (6 - (-6 - -17))?
-8
What is 34 + -97 + 29 + 3?
-31
What is -15 - (23 - 20) - -28?
10
What is -4 - 2 - (-15 + 6 + -6 + 10)?
-1
-74 - (-107 + 37) - (0 - (0 + -11))
-15
Calculate (35 - 31) + -25 - -22.
1
Calculate 12 - (-3 - (-6 - 12)) - -3.
0
Evaluate -26 + 7 + 6 + 23.
10
Calculate -8 - -17 - ((2 - -1) + 3) - -4.
7
Calculate 42 - 14 - (19 + 15).
-6
4 + 3 + (-7 - 0) + -7
-7
Calculate (0 - (-1 + 3)) + 9 + -15.
-8
Evaluate (-19 - -10) + (-3 + 16 - (-1 + 9)).
-4
1 + -10 + (22 + -16 - -6)
3
What is the value of -20 - -2 - (16 - 39 - -24)?
-19
Calculate -12 + (-8 - -29) + -10.
-1
Calculate (0 - 2) + -6 + (15 - (-8 + 19)).
-4
What is 29 + (43 - -10) + -46?
36
What is 2 - 2 - -3 - (16 + (-8 - -15))?
-20
Calculate -31 + -8 + 29 - 7.
-17
What is 3 + (4 - (8 - 8)) + 6?
13
What is -6 - (-29 - (12 + -26) - 8)?
17
4 + (-18 - -18) + -30
-26
What is the value of 16 - (6 + 7 + 15)?
-12
Evaluate -484 + 449 + (-2 - -13).
-24
7 + (-12 + 10 - 8)
-3
Calculate (16 + -9 - 27) + (-1 - -17).
-4
What is the value of 1 + -1 - 0 - -6 - (158 - 162)?
10
Calculate 25 - ((20 - 12) + 8 + -25 + 6).
28
Evaluate -119 + 124 + 4 + -6 + 5.
8
Calculate -88 + 108 + (6 - -1).
27
(2 - 0 - 2) + 19 + 23 + -54
-12
-18 + 6 - (-2 - (3 - 2) - -9)
-18
Evaluate -50 + (18 - -32) + -24.
-24
What is the value of 32 + (-71 - -37) + 27 + -4?
21
(-4 - (-5 + 13)) + 4 - -25 - -4
21
Evaluate -3 + -1 + (-6 - -32) - 6.
16
What is the value of 0 + (-10 + 3 - (-4 + 4))?
-7
What is the value of 42 + (-45 + 17 - 15)?
-1
Calculate 7 - (3 - (2 - (-2 + 5 + -3))).
6
What is the value of (-709 - -712) + -18 + 1?
-14
What is the value of -1 - -2 - (-66 + 65) - -1?
3
Evaluate 7 + (12 + -10 - 14).
-5
What is -19 - -28 - (4 + -11 - -17) - -27?
26
Calculate -60 + 59 + (-1 - -5).
3
Calculate (0 - 1) + -1 + 17 + -30 + 4.
-11
Evaluate 219 + -211 + 1 + 2 + -16.
-5
Evaluate 17 + 1 - (7 - 4) - (327 - 337).
25
Evaluate 7 + (14 - 1 - 29) - -1.
-8
Evaluate -2 + (1 - (9 + -2)) + -3 + 5.
-6
Evaluate -5 + -7 + 6 - (0 - 4) - -20.
18
(7 - -2) + -9 + 1 + -2 + 4
3
What is the value of -1 + 0 + 0 - ((-10 - -6) + 14)?
-11
Calculate (-11 - (19 + -34)) + -2 + 29 - -4.
35
(19 + -36 - -25) + (40 - 8)
40
What is 1 + -1 + (27 - 25) + (1 - -3)?
6
Calculate 19 + -13 + -2 + -8 + 2.
-2
Evaluate -2 + -1 - -20 - (-125 - -140).
2
Calculate -2 - ((10 - -4) + -23).
7
What is 1 + (-15 - -2) + 5?
-7
(-11 - (-6 + 5)) + 17
7
Calculate 1 - (1 + -2) - (-1 + -4 + -8).
15
Calculate (-3 - (-5 + -2)) + 260 + -250.
14
What is (7 - 16) + -8 - (64 - 69)?
-12
Evaluate -22 - -9 - (8 - 6 - 2).
-13
-4 + 3 + (-4 - (3 + 6) - -51)
37
(12 - 15) + 8 - (-4 + 0 + -3)
12
-1 + 1 + -4 + 6 + 0
2
Evaluate -8 + -2 + 56 + -74 + 8.
-20
(-65 - (-18 + -9)) + 17
-21
What is the value of 6 + -9 + 8 - -7 - 9?
3
What is (2 - (-7 + -8)) + -4?
13
Calculate 35 - 2 - (-150 + 203).
-20
-7 + -7 + 18 + -26
-22
What is 3 + -19 + 1 - (-7 + 3)?
-11
Calculate 2 - 5 - 9 - (11 + -19).
-4
-2 + (63 - 78 - (1 + -10))
-8
Evaluate (3 - -11) + (-17 - -8) - (-1 - -18).
-12
10 + (-8 - -2) + -13 + 2
-7
Calculate (-13 - (-9 - -11) - (-27 - -16)) + 24.
20
Evaluate (5 - (-8 + 11)) + (1 + -1 - 8).
-6
Evaluate -22 - 19 - (-12 - (-16 + 16)).
-29
What is the value of 7 - (2 + 0 + 39 + -37)?
3
(-2 - 2) + -59 + 59 + 9 + -2
3
Evaluate 39 - 30 - ((4 - -3) + 15 + -9).
-4
What is (-2 - 0 - 0) + (-3 - (-5 + 1))?
-1
What is -14 + (-14 - -22) - (-10 + 20)?
-16
What is 19 + 0 - (126 + -111 + -19 + -1)?
24
Evaluate 4 + 9 + -4 + (10 - 10).
9
Calculate 4 - (-4 - -1 - (8 - 6)).
9
What is the value of (-5 - 7 - 4) + 4?
-12
29 + -8 + (0 - (9 + -8))
20
Evaluate (-14 - -26) + -8 + (-51 - -15).
-32
Calculate (-109 - -109 - (12 - 1)) + 17.
6
Calculate 33 - 36 - (15 + (2 - 3)).
-17
What is 18 - (-3 - -16) - 17?
-12
What is the value of (-10 - -12 - -9) + 1?
12
Evaluate 0 + 5 + (8 - (30 + 5 - 5)).
-17
-1 + 3 + 1 + 4 + -3
4
Evaluate (20 - (2 + 6)) + -6 + 0 + -13.
-7
-4 - 10 - (21 - 54)
19
Calculate 25 - (4 + 12 + -2 - 9).
20
Calculate -2 - (71 + -63 - (-1 + 1)).
-10
Calculate 16 + (-11 - 1) - (-16 + 0 + -1).
21
Evaluate 1 + (-3 - 1) + 1 - (-174 - -181).
-9